{"id":2,"date":"2023-07-25T12:16:21","date_gmt":"2023-07-25T17:16:21","guid":{"rendered":"https:\/\/www.fisiartuio.com\/?page_id=2"},"modified":"2023-08-18T18:30:17","modified_gmt":"2023-08-18T23:30:17","slug":"pagina-ejemplo","status":"publish","type":"page","link":"https:\/\/www.fisiartuio.com\/index.php\/pagina-ejemplo\/","title":{"rendered":"Con\u00f3cenos"},"content":{"rendered":"\n<p><\/p>\n\n\n\n<p class=\"has-medium-font-size\"><img loading=\"lazy\" decoding=\"async\" width=\"1500\" height=\"638\" class=\"wp-image-82\" style=\"width: 1500px;\" src=\"https:\/\/www.fisiartuio.com\/wp-content\/uploads\/2023\/08\/cropped-Fisiart-3.png\" alt=\"\" srcset=\"https:\/\/www.fisiartuio.com\/wp-content\/uploads\/2023\/08\/cropped-Fisiart-3.png 1365w, https:\/\/www.fisiartuio.com\/wp-content\/uploads\/2023\/08\/cropped-Fisiart-3-300x128.png 300w, https:\/\/www.fisiartuio.com\/wp-content\/uploads\/2023\/08\/cropped-Fisiart-3-1024x436.png 1024w, https:\/\/www.fisiartuio.com\/wp-content\/uploads\/2023\/08\/cropped-Fisiart-3-768x327.png 768w\" sizes=\"auto, (max-width: 1500px) 100vw, 1500px\" \/><\/p>\n\n\n\n<p><\/p>\n\n\n\n<p class=\"has-medium-font-size\">Somos mucho m\u00e1s que un centro de fisioterapia; somos los arquitectos de tu resurgimiento, los gu\u00edas en tu viaje de recuperaci\u00f3n y los compa\u00f1eros en tu b\u00fasqueda de una vida activa y sin restricciones. \u00bfQui\u00e9nes somos? Somos la chispa que enciende tu camino hacia la vitalidad renovada.<\/p>\n\n\n\n<p class=\"has-medium-font-size\"><\/p>\n\n\n\n<div class=\"wp-block-media-text alignwide is-stacked-on-mobile\" style=\"grid-template-columns:35% auto\"><figure class=\"wp-block-media-text__media\"><img loading=\"lazy\" decoding=\"async\" width=\"573\" height=\"1024\" src=\"https:\/\/www.fisiartuio.com\/wp-content\/uploads\/2023\/08\/electroterapia-573x1024.jpg\" alt=\"\" class=\"wp-image-90 size-full\" srcset=\"https:\/\/www.fisiartuio.com\/wp-content\/uploads\/2023\/08\/electroterapia-573x1024.jpg 573w, https:\/\/www.fisiartuio.com\/wp-content\/uploads\/2023\/08\/electroterapia-168x300.jpg 168w, https:\/\/www.fisiartuio.com\/wp-content\/uploads\/2023\/08\/electroterapia-768x1373.jpg 768w, https:\/\/www.fisiartuio.com\/wp-content\/uploads\/2023\/08\/electroterapia-859x1536.jpg 859w, https:\/\/www.fisiartuio.com\/wp-content\/uploads\/2023\/08\/electroterapia.jpg 949w\" sizes=\"auto, (max-width: 573px) 100vw, 573px\" \/><\/figure><div class=\"wp-block-media-text__content\">\n<p class=\"has-medium-font-size\"><strong>Somos los Maestros de la Recuperaci\u00f3n:<\/strong> Nos enorgullecemos de ser los maestros que dominan el arte de la recuperaci\u00f3n. Nuestro equipo de fisioterapeutas altamente calificados est\u00e1 equipado con una profunda comprensi\u00f3n de las lesiones deportivas, degenerativas y postquir\u00fargicas. Con a\u00f1os de experiencia, combinamos la ciencia con la empat\u00eda para guiar cada paso de tu proceso de recuperaci\u00f3n.<\/p>\n<\/div><\/div>\n\n\n\n<div class=\"wp-block-media-text alignwide has-media-on-the-right is-stacked-on-mobile\"><div class=\"wp-block-media-text__content\">\n<p class=\"has-medium-font-size\"><strong>Somos Arquitectos del Bienestar:<\/strong> Imagina tu cuerpo como una obra maestra en proceso. Nuestro enfoque es moldear cada aspecto de tu ser para restaurar la funcionalidad perdida, aliviar el dolor y desbloquear tu potencial. Creamos planes de tratamiento a medida que son una mezcla de t\u00e9cnicas avanzadas, terapia manual y ejercicios espec\u00edficos para ti.<\/p>\n<\/div><figure class=\"wp-block-media-text__media\"><img loading=\"lazy\" decoding=\"async\" width=\"766\" height=\"1024\" src=\"https:\/\/www.fisiartuio.com\/wp-content\/uploads\/2023\/08\/Laser-766x1024.jpg\" alt=\"\" class=\"wp-image-93 size-full\" srcset=\"https:\/\/www.fisiartuio.com\/wp-content\/uploads\/2023\/08\/Laser-766x1024.jpg 766w, https:\/\/www.fisiartuio.com\/wp-content\/uploads\/2023\/08\/Laser-224x300.jpg 224w, https:\/\/www.fisiartuio.com\/wp-content\/uploads\/2023\/08\/Laser-768x1027.jpg 768w, https:\/\/www.fisiartuio.com\/wp-content\/uploads\/2023\/08\/Laser.jpg 928w\" sizes=\"auto, (max-width: 766px) 100vw, 766px\" \/><\/figure><\/div>\n\n\n\n<p class=\"has-medium-font-size\"><\/p>\n\n\n\n<div class=\"wp-block-media-text alignwide is-stacked-on-mobile\"><figure class=\"wp-block-media-text__media\"><img loading=\"lazy\" decoding=\"async\" width=\"590\" height=\"1024\" src=\"https:\/\/www.fisiartuio.com\/wp-content\/uploads\/2023\/08\/Laser-1-590x1024.jpg\" alt=\"\" class=\"wp-image-94 size-full\" srcset=\"https:\/\/www.fisiartuio.com\/wp-content\/uploads\/2023\/08\/Laser-1-590x1024.jpg 590w, https:\/\/www.fisiartuio.com\/wp-content\/uploads\/2023\/08\/Laser-1-173x300.jpg 173w, https:\/\/www.fisiartuio.com\/wp-content\/uploads\/2023\/08\/Laser-1-768x1334.jpg 768w, https:\/\/www.fisiartuio.com\/wp-content\/uploads\/2023\/08\/Laser-1-885x1536.jpg 885w, https:\/\/www.fisiartuio.com\/wp-content\/uploads\/2023\/08\/Laser-1.jpg 960w\" sizes=\"auto, (max-width: 590px) 100vw, 590px\" \/><\/figure><div class=\"wp-block-media-text__content\">\n<p class=\"has-medium-font-size\"><strong>Somos Compa\u00f1eros de Viaje:<\/strong> Entendemos que cada paso hacia la recuperaci\u00f3n puede ser desafiante. No est\u00e1s solo en esta jornada. Somos tus compa\u00f1eros de viaje, tus defensores y tus animadores. Nos emocionamos con cada avance que haces, y estamos aqu\u00ed para celebrar tus victorias contigo.<\/p>\n<\/div><\/div>\n\n\n\n<p class=\"has-medium-font-size\"><strong>Nuestros Objetivos:<\/strong> Nuestro objetivo es claro: tu recuperaci\u00f3n integral y duradera. Queremos verte superar las barreras que te han retenido y ayudarte a recuperar tu confianza en tu cuerpo. Queremos que vuelvas a sumergirte en el mundo del deporte con pasi\u00f3n, que afrontes los retos degenerativos con valent\u00eda y que regreses a tus actividades diarias tras una cirug\u00eda con fortaleza renovada.<\/p>\n\n\n\n<p class=\"has-medium-font-size\"><strong>La Fisioterapia que Ofrecemos:<\/strong> Nuestra fisioterapia es un encuentro de arte y ciencia. Combina t\u00e9cnicas de terapia manual, ejercicios terap\u00e9uticos y tecnolog\u00edas de vanguardia para acelerar tu recuperaci\u00f3n. Te sumergir\u00e1s en un enfoque hol\u00edstico que aborda no solo los s\u00edntomas visibles, sino tambi\u00e9n las ra\u00edces subyacentes de tu condici\u00f3n.<\/p>\n\n\n\n<p class=\"has-medium-font-size\"><\/p>\n\n\n\n<div class=\"wp-block-media-text alignwide is-stacked-on-mobile\"><figure class=\"wp-block-media-text__media\"><img loading=\"lazy\" decoding=\"async\" width=\"720\" height=\"1024\" src=\"https:\/\/www.fisiartuio.com\/wp-content\/uploads\/2023\/08\/Fisiart-720x1024.jpg\" alt=\"\" class=\"wp-image-91 size-full\" srcset=\"https:\/\/www.fisiartuio.com\/wp-content\/uploads\/2023\/08\/Fisiart-720x1024.jpg 720w, https:\/\/www.fisiartuio.com\/wp-content\/uploads\/2023\/08\/Fisiart-211x300.jpg 211w, https:\/\/www.fisiartuio.com\/wp-content\/uploads\/2023\/08\/Fisiart-768x1092.jpg 768w, https:\/\/www.fisiartuio.com\/wp-content\/uploads\/2023\/08\/Fisiart.jpg 943w\" sizes=\"auto, (max-width: 720px) 100vw, 720px\" \/><\/figure><div class=\"wp-block-media-text__content\">\n<p class=\"has-medium-font-size\">En \u00faltima instancia, <strong>somos m\u00e1s que un centro de fisioterapia; somos tu socio en el camino hacia la recuperaci\u00f3n total<\/strong>. Te invitamos a unirte a nuestra comunidad de individuos valientes que han elegido tomar el control de su bienestar y resurgir con fuerza. Tu recuperaci\u00f3n no solo afecta tu cuerpo, sino que tambi\u00e9n tiene un impacto profundo en tu bienestar social, laboral y familiar. \u00a1As\u00ed que \u00fanete a nosotros en esta traves\u00eda hacia una vida activa y sin l\u00edmites!<\/p>\n<\/div><\/div>\n","protected":false},"excerpt":{"rendered":"<p>Somos mucho m\u00e1s que un centro de fisioterapia; somos los arquitectos de tu resurgimiento, los gu\u00edas en tu viaje de recuperaci\u00f3n y los compa\u00f1eros en tu b\u00fasqueda de una vida activa y sin restricciones. \u00bfQui\u00e9nes somos? Somos la chispa que enciende tu camino hacia la vitalidad renovada. Somos los Maestros de la Recuperaci\u00f3n: Nos enorgullecemos <a class=\"read-more\" href=\"https:\/\/www.fisiartuio.com\/index.php\/pagina-ejemplo\/\">READ MORE<\/a><\/p>\n","protected":false},"author":1,"featured_media":0,"parent":0,"menu_order":0,"comment_status":"closed","ping_status":"closed","template":"","meta":{"footnotes":""},"class_list":["post-2","page","type-page","status-publish","hentry"],"_links":{"self":[{"href":"https:\/\/www.fisiartuio.com\/index.php\/wp-json\/wp\/v2\/pages\/2","targetHints":{"allow":["GET"]}}],"collection":[{"href":"https:\/\/www.fisiartuio.com\/index.php\/wp-json\/wp\/v2\/pages"}],"about":[{"href":"https:\/\/www.fisiartuio.com\/index.php\/wp-json\/wp\/v2\/types\/page"}],"author":[{"embeddable":true,"href":"https:\/\/www.fisiartuio.com\/index.php\/wp-json\/wp\/v2\/users\/1"}],"replies":[{"embeddable":true,"href":"https:\/\/www.fisiartuio.com\/index.php\/wp-json\/wp\/v2\/comments?post=2"}],"version-history":[{"count":3,"href":"https:\/\/www.fisiartuio.com\/index.php\/wp-json\/wp\/v2\/pages\/2\/revisions"}],"predecessor-version":[{"id":109,"href":"https:\/\/www.fisiartuio.com\/index.php\/wp-json\/wp\/v2\/pages\/2\/revisions\/109"}],"wp:attachment":[{"href":"https:\/\/www.fisiartuio.com\/index.php\/wp-json\/wp\/v2\/media?parent=2"}],"curies":[{"name":"wp","href":"https:\/\/api.w.org\/{rel}","templated":true}]}}